7. Let z be l(-1). Suppose 0 = 2*m - 0*m - 42. Suppose z + m = 3*d. List the prime factors of d.
2, 7
Let v be (1 - -1)/2 - (14 + 16). List the prime factors of v/(-87) - (-449)/3.
2, 3, 5
What are the prime factors of (396/(-297))/((-1)/1338)?
2, 223
Let s(o) = -22*o**3 + 4*o**2 - 12*o - 1. What are the prime factors of s(-5)?
2909
Let u(d) = d + 15. Let m be u(-7). Let r(w) = 20*w - 8*w**2 - 15*w - 15*w**3 + 16*w**3 - 9. What are the prime factors of r(m)?
31
Let d be (-9)/(-6)*(-16)/(-12). List the prime factors of d/3*(6 - 6*-28).
2, 29
Let c be (-2)/4*(0 - 0). What are the prime factors of (c + -1 + 19)*(-81)/(-18)?
3
Suppose 4*o + p - 563 = 0, -4*o - 2*p - 436 = -7*o. List the prime factors of o.
2, 71
Let k = 21 - 21. Suppose k = 4*t - 5*t. Suppose o - 20 - 19 = t. What are the prime factors of o?
3, 13
Suppose -3*y = 4*k - 2047, -5*k - 41*y + 2515 = -46*y. List the prime factors of k.
2, 127
Suppose 308 - 1037 = -9*g. List the prime factors of g.
3
What are the prime factors of (-10 + 210/20)*542?
271
Suppose 5*k + 234 = -86. Let q = k - -143. List the prime factors of q.
79
Let n(l) = -l**2 + 12*l + 16. Let x(k) = k + 7. Let t be x(-2). Suppose -26 = -2*p + 3*d, -t*d = -d. List the prime factors of n(p).
3
Let d be ((-36)/8)/9 + 2/4. Suppose d = -5*r + 380 + 230. List the prime factors of r.
2, 61
Let y = -39 - -42. What are the prime factors of 792/3 - ((y - 2) + 0)?
263
Let b = 54 - 33. Suppose 3*y + f + 5 = b, -y = 3*f - 16. What are the prime factors of 12 + -2*2/y?
11
Suppose 9*w - 8700 = 1227. List the prime factors of w.
1103
Let r = 709 + 107. List the prime factors of r.
2, 3, 17
Let u be (3 + (-8)/2)*-4. Suppose z + 193 = 6*z + i, -5*z - u*i + 202 = 0. What are the prime factors of z?
2, 19
Let d(k) = 85*k**2 + 27*k + 146. What are the prime factors of d(-5)?
2, 3, 89
Let c = -46 + 214. Suppose -p - c = 2. List the prime factors of 4/12 + p/(-3).
3, 19
Let c(f) = -f + 22. Suppose -d - 4*y - 2 = -0*y, 4*y = -2*d - 16. What are the prime factors of c(d)?
2, 3
Suppose 0 = -2*v - 5*a + 28, 5*v - 2*a - 70 = 2*a. Let h = 34 - v. What are the prime factors of h?
2, 5
Suppose -g = 4*g + 175. Let m = g - -91. List the prime factors of m.
2, 7
Let f(o) = o**2 - 7*o - 45. What are the prime factors of f(18)?
3, 17
Let q(p) = p - 9. Let b be q(11). Suppose v = -0*v + b. Suppose -4*d - n = 2*n - 98, -v*d + 44 = 4*n. What are the prime factors of d?
2, 13
What are the prime factors of 2/(-10) + 44896/305?
3, 7
Let m(o) = -o**3 - 8*o**2 + 21*o - 2. Let a be m(-10). Let p = a + 25. List the prime factors of p.
13
Suppose 0*k = -5*k + 10. What are the prime factors of ((-552)/32)/(k/(-24))?
3, 23
Let f = 106 - 98. Suppose -f*z + 42 = -5*z. What are the prime factors of z?
2, 7
Let d be ((-30)/5)/(-3) + -424. Let m(i) = -i**2 - 6*i + 16. Let h be m(-7). List the prime factors of d/(-8) + h/36.
53
Let l(a) = -2*a**3 - 4*a**2 + 3*a - 1. Let b be l(-6). Suppose 4*v + 2*z = 7*z + b, 0 = -3*z - 3. What are the prime factors of v?
2, 3, 11
Let u be (1/(4/(-6)))/(1/(-2)). Suppose -4*w - u = -111. List the prime factors of w.
3
Suppose 4072 = 9*b - 3146. What are the prime factors of b?
2, 401
Let a(k) = k**3 + 2*k**2 - 18*k + 199. What are the prime factors of a(8)?
5, 139
Let q(b) = -37*b + 2. Let f = -7 - -11. Suppose -f*w - 3*p + 5 = 0, w - 3*w - 2*p + 4 = 0. List the prime factors of q(w).
3, 13
Suppose 0 = -5*w + r + 560, -3*w + 219 = r - 109. Suppose -4*m = -113 - w. List the prime factors of m.
2, 7
Let i(w) = 2*w**2 - 12*w - 6. Let d be i(7). Suppose -9*k + 113 = -d*k. What are the prime factors of k?
113
Let y = 42 - 152. Let f = y - -194. What are the prime factors of f?
2, 3, 7
Let a = 2075 - 580. List the prime factors of a.
5, 13, 23
Let y = -5826 - -8177. List the prime factors of y.
2351
Let g(r) = 6*r**2 - r. Let w be g(-1). Let j(m) = m**2 - 3*m - 23 + 20 + 7. List the prime factors of j(w).
2
Suppose -8 = -4*p, -204 = -4*j - 3*p + 5*p. What are the prime factors of j?
2, 13
Suppose 0 = -7*o + 21 + 7. Suppose -i + 16 + o = 0. What are the prime factors of i?
2, 5
Let p = 50 + -40. Suppose 0 = -2*c + p, -3*t - 2*c + 7 = -297. List the prime factors of t.
2, 7
Let t(i) = 213*i + 427. List the prime factors of t(24).
29, 191
Let m be 1 + 2 - (3 + 0). Suppose m*w = w - 46. What are the prime factors of w?
2, 23
Let p(g) = 8*g**2 - 13*g - 16. Let f be p(-6). Suppose 3*v = -4*o + 282, -6*o + o + f = 5*v. What are the prime factors of o?
2, 3
Suppose 5*v + 2*r - 3*r - 7 = 0, -2*v = 4*r - 16. Suppose 3*k + v*k - 380 = 0. What are the prime factors of k?
2, 19
Let f = -10 + 18. What are the prime factors of 1180/f*(0 + (-8)/(-10))?
2, 59
Let i = 63 - 4. Suppose 0 = -12*m + 11*m + i. List the prime factors of m.
59
Let r(n) = 97*n + 13. List the prime factors of r(7).
2, 173
Let y = -4641 + 9248. What are the prime factors of y?
17, 271
Let w = 978 - 677. What are the prime factors of w?
7, 43
Suppose 115*g - 5 = 114*g. Let m(d) = 0*d**2 - 6*d**2 + 3*d + 3*d + d**3 + 6. List the prime factors of m(g).
11
Let j = -23 + 26. Suppose a - 81 = -j*m, 20 = a + 2*m - 56. What are the prime factors of a?
2, 3, 11
Let j be 54 + (-1 - (1 + 0)). Let f = 5 + -29. Let s = f + j. What are the prime factors of s?
2, 7
Suppose 0 = 7*l - 8*l + 395. List the prime factors of l.
5, 79
Let p(b) be the third derivative of -b**6/120 + b**5/20 - b**4/6 - 7*b**2. Let k be p(4). Let n = k - -42. List the prime factors of n.
2, 5
Let v = 3929 - 1278. What are the prime factors of v?
11, 241
Suppose -4 = -v, 5*z + 5*v - 3*v = 6283. Suppose -3*n = 5*x - z, -2*x + 4*n + 503 = 5*n. What are the prime factors of x?
2, 127
Suppose -4*y = 5 + 3. Let r(s) = s + 4. Let o be r(y). Suppose 41 = -3*x + z + 162, x - 52 = -o*z. What are the prime factors of x?
2, 3, 7
Suppose -2*d + 786 = 5*l, -3*d + 1192 = -0*l + l. List the prime factors of d.
2, 199
Let i = -680 - -1089. List the prime factors of i.
409
Suppose 0 = -2*w + 6*j - j + 5, -5*w + 4*j = -4. Suppose -y + 715 = 5*t + y, w = -y. Let x = 213 - t. List the prime factors of x.
2, 5, 7
Suppose -5*b + 15933 = -k + 3492, -b - 4*k = -2484. List the prime factors of b.
2, 311
Let s(d) = d**3 - 7*d**2 - 8*d + 7. Let w(u) = u**3 - 8*u**2 - 8*u + 8. Let t(i) = -2*s(i) + 3*w(i). What are the prime factors of t(11)?
43
Let g(t) = t**3 - 13*t**2 + 16*t - 23. Let n be g(12). Suppose -n = -2*s + 267. What are the prime factors of s?
2, 73
Suppose -16*n = -21*n + 15. Suppose 5*v - 4*y - 66 = n*v, 0 = 3*y. List the prime factors of v.
3, 11
Let f(s) = -24*s**3 - 2*s + 1. Let v be f(1). Let u = v + 37. Suppose 7*m - u*m = -95. What are the prime factors of m?
19
List the prime factors of (4 - (390 - 6))*(-2 + 1).
2, 5, 19
Let g = -164 - -591. List the prime factors of g.
7, 61
Let u(h) = 588*h**2 + h - 1. List the prime factors of u(1).
2, 3, 7
Let n be 4/30 + (-3508)/(-15). Let y = 414 - n. What are the prime factors of y?
2, 3, 5
Let k be 2/(-5) + 7238/(-55). Let h = -51 - k. List the prime factors of h.
3
Let h = 184 + 312. List the prime factors of h.
2, 31
Suppose 0*s + 6*s = 132. Suppose s = -u + 93. List the prime factors of u.
71
What are the prime factors of (-1286)/(-10) + 21/(-35)?
2
Suppose 0 = 4*p - 5*r - 26, -p + 0*p - 3*r - 2 = 0. Suppose -z - 3*h + 66 = -0*h, -p*z = -h - 303. What are the prime factors of z?
3, 5
Suppose 0 = j - 4*j - 15, -390 = -4*h + 2*j. Let k = h + -47. List the prime factors of k.
2, 3
Suppose -2*t = -t - 8. Suppose 3*c = q + 13, 4*q + 2*c + c = t. What are the prime factors of q*-21*(3 + -2)?
3, 7
Let a = 1241 + -362. List the prime factors of a.
3, 293
Suppose -78 = -q - 12. Suppose -5*n = 26 - q. List the prime factors of n.
2
Suppose -5*l + 23 = 2*w, -l + 4 + 3 = w. Suppose -n = -w*n + 12. Suppose n*j = 6*j - 16. What are the prime factors of j?
2
Let d be 10/25 + 802/(-5). List the prime factors of -6 + 4 + 1/((-2)/d).
2, 3, 13
Suppose 7*a = 12*a. Suppose 4*j + 3*h + 29 = a, j = -0*j + 4*h - 31. Let o = j + 44. What are the prime factors of o?
3, 11
Suppose -2*u + 4 = -0. Suppose -3*y - 2*y - q + 33 = 0, 0 = -2*y + u*q + 18. List the prime factors of ((-4)/3)/(y/(-126)).
2, 3
Let v(m) = 2*m**2 + 12*m - 4. Let q be v(-6). Suppose 4*r + 0*f - 36 = 4*f, f + 4 = 0. List the prime factors of (r - -